{"id":47,"date":"2019-08-26T09:07:09","date_gmt":"2019-08-26T07:07:09","guid":{"rendered":"https:\/\/www.heimat-und-transformation.de\/cms\/?page_id=47"},"modified":"2022-08-25T09:44:49","modified_gmt":"2022-08-25T07:44:49","slug":"erhalt-des-audiovisuellen-erbes","status":"publish","type":"page","link":"https:\/\/www.heimat-und-transformation.de\/en\/erhalt-des-audiovisuellen-erbes\/","title":{"rendered":"The television heritage of private broadcasters is under threat"},"content":{"rendered":"\n<p>Local Saxon\ntelevision programmes are sources of audiovisual memory. They have accompanied\nprocesses of mental, social, media and political change during the\ntransformation and hinge period from 1990 to 1995 &#8211; and continue to do so\ntoday.<\/p>\n\n\n\n<p>Preserving\nthis audio-visual cultural asset is long overdue, as the programmes were mainly\nrecorded on VHS consumer cassettes, which have already far exceeded their\npredicted durability; a smaller proportion was recorded on Beta SP cassettes,\nwhich are now also threatened with decay.<\/p>\n\n\n\n<p>While the\npreservation of the cinematic heritage is increasingly becoming the focus of\npolitical and cultural action and promotion, this is hardly the case with the\ntelevision heritage of non-public broadcasters.<\/p>\n\n\n\n<p>As early as\n2011, the signatory states to the &#8220;European Convention for the Protection\nof the Audiovisual Heritage&#8221; (of 8 November 2001) undertook &#8220;to\nguarantee the appropriate preservation of television productions for cultural,\nscientific and research purposes in the public interest&#8221;. (ETS No 184).<\/p>\n\n\n\n<p>For the\nprogrammes of local private commercial broadcasters, however, there is still no\ncentral project, which would fulfil this obligation to a significant extent.\nAlthough the preservation of Saxony&#8217;s audio-visual heritage has been an active\npolicy since 2016, various digitisation initiatives have led to a very\nheterogeneous picture with regard to the places of archiving, the basic,\nprofessional indexing and accessibility for science, research and re-use of the\ncultural heritage.<\/p>\n\n\n\n<p>Preserving\nthis television heritage always means:<\/p>\n\n\n\n<ul class=\"wp-block-list\"><li>the digitization (and possibly optimization) of\nanalogue tape material<\/li><li>professional indexing according to a uniform\nstandard<\/li><li>the controlled storage of the analogue source\nmaterial according to archival standards.<\/li><\/ul>\n\n\n\n<p>The Leipzig\nInstitute for Heimat and Transformation Research is involved in the\npreservation and cataloguing of this audio-visual heritage.<\/p>\n\n\n\n<p>The Saxon\nArchive Law also provides for &#8220;documents of lasting value worth\narchiving&#8221;,<\/p>\n\n\n\n<ul class=\"wp-block-list\"><li>which arise in legal persons under private law,<\/li><li>all recordings, in particular pictures, films,\nsound recordings, irrespective of their form of storage,&nbsp; <\/li><\/ul>\n\n\n\n<p>the\npossibility of transferring it as archive material to the Saxon State Archives.<\/p>\n\n\n\n<blockquote style=\"text-align:right\" class=\"wp-block-quote is-layout-flow wp-block-quote-is-layout-flow\"><p>Cf. Archivgesetz f\u00fcr den Freistaat Sachsen v. 17. Mai 1993 (S\u00e4chsGVBl. S. 449), last amended by Article 25 of the Gesetz vom 26. April 2018 (S\u00e4chsGVBl. S. 198).<\/p><\/blockquote>\n\n\n\n<p>Please find\nmore on this topic: &nbsp;<\/p>\n\n\n\n<p><a href=\"http:\/\/rundfunkundgeschichte.de\/audio-visuelles-kulturgut-ins-internet\/\" target=\"_blank\" rel=\"noreferrer noopener\">Audiovisuelles Kulturgut ins Internet! \u2013 Stellungnahme des\nStudienkreises Rundfunk und Geschichte auf der Jahrestagung 2019<\/a><\/p>\n","protected":false},"excerpt":{"rendered":"<p>Local Saxon television programmes are sources of audiovisual memory. They have accompanied processes of mental, social, media and political change during the transformation and hinge period from 1990&hellip;<\/p>\n","protected":false},"author":1,"featured_media":119,"parent":0,"menu_order":0,"comment_status":"closed","ping_status":"closed","template":"template-full-width.php","meta":{"footnotes":""},"class_list":["post-47","page","type-page","status-publish","has-post-thumbnail","hentry"],"translation":{"provider":"WPGlobus","version":"3.0.2","language":"en","enabled_languages":["de","en"],"languages":{"de":{"title":true,"content":true,"excerpt":false},"en":{"title":true,"content":true,"excerpt":false}}},"_links":{"self":[{"href":"https:\/\/www.heimat-und-transformation.de\/en\/wp-json\/wp\/v2\/pages\/47","targetHints":{"allow":["GET"]}}],"collection":[{"href":"https:\/\/www.heimat-und-transformation.de\/en\/wp-json\/wp\/v2\/pages"}],"about":[{"href":"https:\/\/www.heimat-und-transformation.de\/en\/wp-json\/wp\/v2\/types\/page"}],"author":[{"embeddable":true,"href":"https:\/\/www.heimat-und-transformation.de\/en\/wp-json\/wp\/v2\/users\/1"}],"replies":[{"embeddable":true,"href":"https:\/\/www.heimat-und-transformation.de\/en\/wp-json\/wp\/v2\/comments?post=47"}],"version-history":[{"count":9,"href":"https:\/\/www.heimat-und-transformation.de\/en\/wp-json\/wp\/v2\/pages\/47\/revisions"}],"predecessor-version":[{"id":747,"href":"https:\/\/www.heimat-und-transformation.de\/en\/wp-json\/wp\/v2\/pages\/47\/revisions\/747"}],"wp:featuredmedia":[{"embeddable":true,"href":"https:\/\/www.heimat-und-transformation.de\/en\/wp-json\/wp\/v2\/media\/119"}],"wp:attachment":[{"href":"https:\/\/www.heimat-und-transformation.de\/en\/wp-json\/wp\/v2\/media?parent=47"}],"curies":[{"name":"wp","href":"https:\/\/api.w.org\/{rel}","templated":true}]}}

<p>Local Saxon
television programmes are sources of audiovisual memory. They have accompanied
processes of mental, social, media and political change during the
transformation and hinge period from 1990 to 1995 &#8211; and continue to do so
today.</p>



<p>Preserving
this audio-visual cultural asset is long overdue, as the programmes were mainly
recorded on VHS consumer cassettes, which have already far exceeded their
predicted durability; a smaller proportion was recorded on Beta SP cassettes,
which are now also threatened with decay.</p>



<p>While the
preservation of the cinematic heritage is increasingly becoming the focus of
political and cultural action and promotion, this is hardly the case with the
television heritage of non-public broadcasters.</p>



<p>As early as
2011, the signatory states to the &#8220;European Convention for the Protection
of the Audiovisual Heritage&#8221; (of 8 November 2001) undertook &#8220;to
guarantee the appropriate preservation of television productions for cultural,
scientific and research purposes in the public interest&#8221;. (ETS No 184).</p>



<p>For the
programmes of local private commercial broadcasters, however, there is still no
central project, which would fulfil this obligation to a significant extent.
Although the preservation of Saxony&#8217;s audio-visual heritage has been an active
policy since 2016, various digitisation initiatives have led to a very
heterogeneous picture with regard to the places of archiving, the basic,
professional indexing and accessibility for science, research and re-use of the
cultural heritage.</p>



<p>Preserving
this television heritage always means:</p>



<ul class="wp-block-list"><li>the digitization (and possibly optimization) of
analogue tape material</li><li>professional indexing according to a uniform
standard</li><li>the controlled storage of the analogue source
material according to archival standards.</li></ul>



<p>The Leipzig
Institute for Heimat and Transformation Research is involved in the
preservation and cataloguing of this audio-visual heritage.</p>



<p>The Saxon
Archive Law also provides for &#8220;documents of lasting value worth
archiving&#8221;,</p>



<ul class="wp-block-list"><li>which arise in legal persons under private law,</li><li>all recordings, in particular pictures, films,
sound recordings, irrespective of their form of storage,&nbsp; </li></ul>



<p>the
possibility of transferring it as archive material to the Saxon State Archives.</p>



<blockquote style="text-align:right" class="wp-block-quote is-layout-flow wp-block-quote-is-layout-flow"><p>Cf. Archivgesetz für den Freistaat Sachsen v. 17. Mai 1993 (SächsGVBl. S. 449), last amended by Article 25 of the Gesetz vom 26. April 2018 (SächsGVBl. S. 198).</p></blockquote>



<p>Please find
more on this topic: &nbsp;</p>



<p><a href="http://rundfunkundgeschichte.de/audio-visuelles-kulturgut-ins-internet/" target="_blank" rel="noreferrer noopener">Audiovisuelles Kulturgut ins Internet! – Stellungnahme des
Studienkreises Rundfunk und Geschichte auf der Jahrestagung 2019</a></p>
